-15 + x. Let j = w - -12. Calculate the remainder when j is divided by 7.
6
Calculate the remainder when 49 is divided by ((-2)/7)/((1/(-63))/1).
13
Suppose 25*g - 24*g + 4*l = 43, 0 = 3*l. Suppose 3*w - 18 = -5*o - w, -3*w - 4 = -5*o. Calculate the remainder when g is divided by o.
1
Suppose 4*h + 0 - 56 = 0. What is the remainder when (63/(-8))/(108/72)*-4 is divided by h?
7
Let u be 1 + -1 + (1 - 1). Suppose 0 = 5*w - 4*a - 85, 2*w + 0*w + 2*a - 34 = u. Suppose -5*g + 64 - 19 = 0. What is the remainder when w is divided by g?
8
Suppose 0 = -5*b + 5*j + 65, 29 = b - 4*j + 7. Suppose -12*z + 824 - 236 = 0. What is the remainder when z is divided by b?
9
Let y(c) = 5 - 4*c**2 + 5*c**2 - 5*c + 0*c**2. Let u be y(5). Suppose -x = u*j + 8 - 356, 5*x + 330 = 5*j. What is the remainder when j is divided by 18?
15
Suppose 4*r - 76 = 3*j + j, -r = -2*j - 24. What is the remainder when 110 is divided by r?
12
Suppose 0 = 4*l - 532 + 380. What is the remainder when 73 is divided by l?
35
Let s be (2/3)/(9/(-27)). Let z(u) = 10*u + 1. Let y be z(s). Let n(t) = -t**3 - 19*t**2 - 2*t + 18. Calculate the remainder when n(y) is divided by 19.
18
What is the remainder when -1 - (110/11 + -88) is divided by 20?
17
Suppose s + 161 = 4*l, 185 = 5*l + 7*s - 5*s. What is the remainder when l is divided by 20?
19
Suppose -63*j + 3200 = -4675. Calculate the remainder when j is divided by 39.
8
Suppose 0 = -r - 5*c + 488, -22*r + 20*r + 4*c + 962 = 0. Calculate the remainder when r is divided by 27.
24
Suppose -3*w + 139 = -95. Suppose 6 = 6*t - 3*t. Suppose -2*h + 30 = -2*g, -t*g - 1 = -h + 13. What is the remainder when w is divided by h?
14
What is the remainder when 1 + 11/(-9) + (-87248)/(-738) is divided by 31?
25
Suppose 0 = -2*f + 19 - 3. Suppose -i + 3 = -0. Suppose 44 - 133 = -i*b - 2*x, x = b - 33. Calculate the remainder when b is divided by f.
7
Let n = 25 - 14. Suppose 5 + n = 4*j. What is the remainder when 7 is divided by j?
3
Suppose 5*y - 213 = -28. Calculate the remainder when y is divided by 13.
11
Suppose -8*o + 13*o = 0. Let q = o - -11. What is the remainder when 52 is divided by q?
8
Suppose 0 = 3*m - 12 - 6. Let o(f) = f**3 - 3*f**2 - 5*f + 12. Calculate the remainder when o(4) is divided by m.
2
Suppose -4*u + 17*u - 195 = 0. Suppose 3*y - 13 = 4*y. Let j = u + y. Calculate the remainder when 3 is divided by j.
1
Let p(x) = 142*x + 724. What is the remainder when p(3) is divided by 12?
10
Let m = -13 + 3. Suppose 2*w - 4*w = -14. What is the remainder when ((-36)/m)/((-15)/(-50)) is divided by w?
5
Suppose 4*t + 0*t - 76 = 0. Let m(u) = -7*u**2 - 4*u + 2 + 2 + u**3 + 9*u**2. Calculate the remainder when m(3) is divided by t.
18
Let i = 38 - 10. Let t be ((-26)/6)/(40/12 - 3). Let u = t + i. What is the remainder when u is divided by 6?
3
Let h be (-8)/(-44) + (-273)/(-11). What is the remainder when 132 is divided by -4 + 4 + h - -2?
24
Let r(f) = f**3 + 6*f**2 + 5*f + 2. Let m(a) = -a**2 + 9*a - 5. Let x be m(9). Let q be r(x). Calculate the remainder when (204/4)/(q/2) is divided by 18.
15
Let k = -241 + 286. What is the remainder when k is divided by 9?
0
Let y be 39/(-91) - 493/(-7). Let i = 98 - y. Calculate the remainder when (114/8 + -1)*4 is divided by i.
25
Suppose -49 = -5*s - 4. Let f(v) = v**3 + 3*v**2 + 2*v + 5. Let k be f(-3). Let w = k - -18. Calculate the remainder when w is divided by s.
8
Let r(p) = -p**3 + 2*p**2 - 2*p + 9. Let c be r(3). Let f = c + 29. Calculate the remainder when f is divided by 5.
3
Suppose -2*c - 3*v = -127 - 143, -2*v = 0. Suppose 0 = 3*r - 34 - 35. Calculate the remainder when -4*1/((-12)/c) is divided by r.
22
Let s = 220 + -210. Let u = -1 - -3. Suppose 72 = u*w + 2*w. Calculate the remainder when w is divided by s.
8
Let r = 31 + -13. Suppose -5*w + 2*w = -15. Suppose -193 = -w*v + 152. What is the remainder when v is divided by r?
15
Let p(t) = 15*t + 140. Calculate the remainder when (-4)/(-10) + (-66)/(-10) is divided by p(-9).
2
What is the remainder when 63 is divided by 3/(4*(-12)/(-112))?
0
Suppose -115 = 3*k - 916. Calculate the remainder when k is divided by 61.
23
Let d(g) = 142*g + 303. What is the remainder when d(7) is divided by 59?
58
Suppose -k + 2*z = -413, -4*k + 0*z - 3*z = -1674. Suppose 7*d = -95 + k. Calculate the remainder when d is divided by 7.
4
Calculate the remainder when 358 is divided by (78/91)/((8/(-210))/(-4)).
88
Suppose -4*u = -5*l + 2*l + 4, -5*l - 2 = 2*u. Suppose -20*k + 26*k - 132 = l. What is the remainder when 65 is divided by k?
21
Let a = 28 - 4. Suppose -3*h - 2*v - a = -5*h, -v + 2 = 0. Calculate the remainder when 51 is divided by h.
9
Let o = -22 - -300. What is the remainder when o is divided by 56?
54
Suppose 0 = -2*k + g - 34, 3*k + 56 - 4 = 2*g. Let o = k + 21. Let w(s) = 21*s**2 + 1. Calculate the remainder when w(-1) is divided by o.
2
Suppose 0 = 651*t - 639*t - 876. What is the remainder when t is divided by 18?
1
Let l(q) = -5*q**2 + 14*q - 7. Let s(m) = -m**2. Let w(i) = -l(i) + 6*s(i). Calculate the remainder when w(-9) is divided by 11.
8
Suppose -3*x = -25 - 149. Let q be (-7)/((-21)/(-6))*4. What is the remainder when x is divided by (-2)/q - (-59)/4?
13
Suppose -2*n - n - 6 = 0. Let o = 7 + n. Suppose -126 = 3*v - 12*v. What is the remainder when v is divided by o?
4
Suppose y - 2*y + 5 = 0. Suppose -y*b = -7*b + 130. Let s(v) = 2*v**3 - 8*v**2 - 4*v - 8. What is the remainder when b is divided by s(5)?
21
Let l = 334 - 315. Calculate the remainder when 187 is divided by l.
16
What is the remainder when 187 - (3799/551 + (-4)/(-38)) is divided by 22?
4
Let u = 7 + 39. What is the remainder when u is divided by 4/(-10) - 201/(-15)?
7
Let v(a) = -a**2 - 17*a - 15. Let w be v(-15). Suppose 0 = -5*x + w + 10. Suppose x*i = 70 + 80. Calculate the remainder when i is divided by 11.
8
Suppose 0 = 3*x + 3*c - 159, c = 3*x - 3*c - 173. Calculate the remainder when x is divided by 15.
10
Let h(r) = 3*r**3 - 47*r**2 - 13*r - 34. Calculate the remainder when 27 is divided by h(16).
13
Suppose -w - 2*p + 8 = 0, -4*p = -5*w - 0*p - 2. Suppose -4*h - 5*u = -255, -w*h + h - 3*u = -62. Calculate the remainder when h is divided by 17.
14
What is the remainder when 282 is divided by (-558)/(-93)*(-10)/(-4)?
12
Suppose 325 = 14*h - 473. Let n = 18 + 41. Suppose -5*k + 0*k = -t - n, t - 37 = -3*k. Calculate the remainder when h is divided by k.
9
Suppose 28*f = 11*f + 289. Calculate the remainder when 59 is divided by f.
8
Let p(o) = 3*o - 24. Let c be p(7). Let q(j) = 4*j**2 - 3. What is the remainder when q(c) is divided by 17?
16
Suppose 2 = 8*c - 6*c. Suppose 4*h + c = 45. Suppose 2*k + 45 = z, 126 = 2*z + z - 3*k. What is the remainder when z is divided by h?
6
Suppose 10*x = 6*x + 3*g + 184, 90 = 2*x - g. What is the remainder when 171 is divided by x?
42
Suppose -5 = -k, 5*k - 153 = -3*b + 130. Let z = 71 + -49. Calculate the remainder when b is divided by z.
20
Suppose 4*t + 4 = -4*v - 0*t, 4*t = -3*v - 8. Suppose v*w = 5*n + 3*w - 45, 0 = -n + 2*w. Calculate the remainder when 179 is divided by n.
9
Suppose 0 = 6*v - 3*v - 420. Suppose -4*x + 3*o + 57 = -43, 5*x - 125 = o. What is the remainder when x is divided by (-2)/7 - (-1020)/v?
4
Suppose -5*b + 24 = f, 3*b + 2*b + 196 = 4*f. Let y = -7 + 13. Suppose 0 = y*w - 25 - 65. Calculate the remainder when f is divided by w.
14
Suppose 173 = -24*f + 3365. Calculate the remainder when f is divided by 45.
43
Suppose -p - 3*a + 34 = -6*a, -146 = -5*p + 3*a. Suppose 2*z - 3*g = 151, 11*z + 323 = 15*z + g. What is the remainder when z is divided by p?
24
Let b(v) = 2*v**2 + 21*v + 23. Calculate the remainder when 48 is divided by b(-10).
9
Let r = -539 - -566. What is the remainder when 130 is divided by r?
22
Let n = -60 - -70. Calculate the remainder when 89 is divided by n.
9
Suppose 4*i + 90 - 34 = 0. Let g(x) = -x - 12. Let s(m) = -3*m - 25. Let d(u) = -5*g(u) + 3*s(u). What is the remainder when d(i) is divided by 11?
8
Let o = 470 + -451. Suppose -96 = -3*u - 4*k, -2*k - 131 - 19 = -4*u. Calculate the remainder when u is divided by o.
17
Let b(k) = k**3 + 6*k**2 + 4*k - 4. Let f be b(-5). Calculate the remainder when (8 - (5 - 4))*f is divided by 4.
3
Let o = -861 - -1548. What is the remaind